4
Evaluate 7 - (-7 + 1 - 0 - (605 + -604)).
14
Evaluate (408 - 457) + (0 - -25).
-24
Calculate 9 - (-23 - (-73 - -23)).
-18
Calculate 11 + (-5 - (26 + -15)) + 40.
35
(12 - 12) + -8 - -8 - 2
-2
What is 1050 + -1061 + -1 + 11?
-1
Calculate -5 + -2 + 19 + -4 - 13.
-5
What is the value of 8 + (3 + 2 - 1) + -5 + 4?
11
What is -4 - (3 + (-2 - 0) + 3 - 7)?
-1
Evaluate -2 - (-16 + (-5 + -3 - -13)).
9
What is -4 - (5 + (14 - 14) + -4 + 0)?
-5
12 + -4 + (4 - (-3 - -4)) - -4
15
Evaluate (-33 - 4) + (48 - 21).
-10
-1 + 6 - (16 + (-1 - 12))
2
-23 + -1 + 9 + (5 - 6)
-16
Evaluate 18 + -15 + (-13 - -18).
8
What is the value of 47 + -42 + -9 + 0 + 28?
24
What is the value of -3 + 17 - (24 + (-57 - -31))?
16
13 + (5 - ((1 - (-4 - -6)) + 5))
14
What is 8 + (6 - 2 - 5 - (5 + -12))?
14
What is the value of (2 - 14) + -125 + 132?
-5
What is (50 - 55) + 18 + -1?
12
What is 45 + 3 + -258 + 216?
6
What is (-108 - -97) + 23 + 3 + -3?
12
(-52 - -37 - (-3 - 6)) + -4 + 31
21
Calculate (-2 + 25 - 3) + (3 - 9).
14
What is the value of (1 - 10) + (0 + -16 - -26)?
1
What is 585 - 586 - (5 - (0 + 2 - 0))?
-4
Evaluate -20 - (11 + -19 - 1).
-11
Calculate -6 + (-1 + 2 - (15 - (-15 + 24))).
-11
Calculate -32 - (-22 + -26 + 11).
5
Evaluate 37 + -78 + -1 + 50.
8
(28 - 27) + 39 - 31
9
6 + (-76 - -67 - (0 - (0 + -22)))
-25
(13 - (-1 + (-19 - -12))) + -4
17
Calculate 647 + -674 + 0 + 34.
7
-11 + 1 - -8 - (-2 - -3)
-3
Evaluate (19 - ((5 - 18) + 5 + 8)) + -7.
12
Calculate -3 + 2 + (-3 - -2) + 1.
-1
Calculate (-18 - 1) + 15 - -10 - 21.
-15
What is (1881 - 1879) + -2 + 8?
8
What is the value of -8 + 11 + 0 - 11?
-8
Calculate (-3 - (-4 + 0)) + -3 - -18.
16
14 + -18 + ((-4 - -5) + -2 - -11)
6
Calculate 60 + -57 + (0 - (5 + -3) - 5).
-4
What is (-10 - -24 - 17) + -12?
-15
Calculate -4 - (-7 - -1 - -1) - (33 - 5).
-27
What is -18 - (-15 + 12 + -22)?
7
What is -38 + 30 + (10 - -7) + 4?
13
Calculate 11 - (-11 - -26) - (0 + 10).
-14
What is (1 - (1 + -5) - -2) + (-1 - -6)?
12
Calculate 1 - -4 - (15 + -8 - 11).
9
Calculate (5 - -41 - 2) + -33.
11
18 + -4 + 21 + -26
9
Calculate 2 + 3 + -2 + -9 + 12 + 15.
21
What is 12 + 13 + -38 + 12?
-1
-700 + 729 - ((-1 - -1) + 0)
29
Evaluate (1 - 0) + -281 + 299 + 13.
32
What is the value of -4 + 123 + -131 + (1 - 5)?
-16
5 - ((-24 - -53 - 20) + -1 + -7)
4
What is (-26 - (26 - 33)) + 47?
28
What is -14 + -8 + 15 - 17?
-24
21 - (38 + -25 + 4)
4
Evaluate -15 - (2 - (3 - -2)).
-12
Calculate -17 + (10 + -3 - -3) + 5.
-2
Calculate -14 + 68 + -25 + -11 + 1.
19
Calculate -10 + -5 + (19 - 3 - 7).
-6
What is (3 - 11) + (3 - 1) + -76 + 74?
-8
-2 - 2 - ((-7 - -10) + (-9 - 2))
4
What is -43 - (-6 + (23 - 40))?
-20
What is -15 + (14 - (12 + 9) - (-2 - 3))?
-17
Calculate -79 - -74 - ((1 - 1) + (2 - 18)).
11
What is the value of 5 - (-5 - -14 - -12)?
-16
Calculate -5 + 6 - (24 + -31).
8
What is 4 - (1 + -8 + 18) - -1?
-6
Evaluate 0 + 0 + (30 - 14).
16
What is -13 - (-8 - -2 - -1)?
-8
Evaluate 18 - (-20 + 23) - (0 - -1).
14
What is -4 + 2 - (-182 + 151)?
29
What is the value of -8 + -5 - (-10 - -5)?
-8
8 - (2 + -8 + (12 - -6 - 0))
-4
What is the value of (-27 - (-16 + 1)) + -4 + 12?
-4
What is the value of -1 - (1 - -8) - ((-8 - -12) + -16)?
2
Calculate 35 - (3 + 27) - (-1 + 20).
-14
What is the value of (6 - 4) + (7 - 15) + -1?
-7
Calculate -18 + -11 - (-16 - 1).
-12
What is the value of -51 + 40 - (-6 - -6)?
-11
Calculate 12 + -22 + -15 + 24.
-1
-11 - 1 - -4 - -15 - (-3 - 18)
28
Calculate -2 - -10 - (-8 - (3 + -13)).
6
Evaluate 9 - (0 + 17 + 6 + (-27 - -28)).
-15
What is -12 - (-13 - 7) - 19?
-11
Calculate 38 + -36 + -2 + 4 + 18.
22
Evaluate -5 - (0 + 0 + -6 + 3).
-2
What is 7 + 5 + 1 + 19 + -14 - 8?
10
Calculate -9 + (10 + 5 + -28 + 12 - -28).
18
What is (-3 - 10) + 21 + 1?
9
Calculate 15 + (-3 - 13) + 10.
9
18 + -11 + 6 + (-33 - -23)
3
What is the value of 0 + -3 - -5 - (-24 - (-2 - 15))?
9
What is the value of -18 - (8 - ((-3 - -1) + 14))?
-14
-4 + 0 - -25 - 13
8
Calculate (25 - 24 - (6 - 0)) + 3.
-2
(-7 - -2) + 0 + 2 + (134 - 140)
-9
-7 + 10 + (3 - 23) + -17
-34
Evaluate -4 - 7 - (-131 + 109).
11
Evaluate 3 + (7 - 18) + -10 + 4.
-14
Evaluate (2 - (13 - 2 - 16)) + -7.
0
Calculate (-1 - (11 + -2)) + (1 - -30 - 2).
19
13 + (1 + -13 - 3)
-2
2 + 0 + (-103 - -76 - (0 - -5))
-30
Evaluate -2 + -12 + (-4 - (-6 + -5)) - -16.
9
(11 - (4 + 0)) + 8 + -16
-1
What is the value of -2 + 3 + -4 - -6 - -2?
5
What is the value of 3 + -48 - (3 + -39)?
-9
What is the value of 287 + -252 - (1 + -5 + -3 + 16)?
26
What is -26 + (20 - (15 + -9))?
-12
Calculate -19 + (31 - 19) + 21.
14
Calculate -4 + (-10 - -14 - 10) + -5.
-15
Evaluate -7 - ((-3 + -1 - (27 - 36)) + -1).
-11
What is the value of 9 + 6 + (12 - 21)?
6
Evaluate -37 + (32 - -13 - 1).
7
Calculate (4 + 4 - 12 - -17) + -46.
-33
-17 + (4 + 13 - -16)
16
1 + -2 + (-17 + 7 - -17) + -25
-19
-219 + 223 - (2 - 11 - (-2 + 1))
12
What is -185 + 184 + (2 - 3)?
-2
Calculate -48 - (3 - 47) - (0 + 19).
-23
Evaluate 22 - (-13 - -37 - 13) - -18.
29
14 + (17 - 14) + -11
6
(-1 - 1) + (-5 - (-29 - (-12 - 0)))
10
What is the value of -33 - -60 - (8 - -39)?
-20
Evaluate (19 - 7) + (7 - 1) + (-2 - -5).
21
(8 - (6 - -8) - -4) + 4
2
Calculate (75 - 54) + -34 - (-18 - 1).
6
Evaluate 32 + -1 + 343 + -358 + (-12 - -2).
6
What is -35 - (16 + 9 + -9 - 20)?
-31
Evaluate (-6 - 3) + 29 - 8.
12
-22 + -2 + 2 + 38
16
What is the value of (-10 + 19 - 1) + -9?
-1
What is the value of -1 + 5 + (11 - -4) + -13?
6
Calculate 21 - (45 - (55 - 21)).
10
Evaluate -17 - (0 + (6 - 21 - -3)).
-5
Evaluate -10 + -9 + 27 - (6 + 1).
1
25 - (9 + -1 - (-2 - 0))
15
What is the value of -1 + 5 - (-2 - (9 - (-7 + 13)))?
9
Calculate 10 + -1 - (53 - 56).
12
What is (-255 - -254) + (-5 - -5 - (0 + -9))?
8
Calculate -48 + ((20 - 14) + -3 - -12).
-33
Evaluate (-14 - -2 - -5) + 16 - 8.
1
-21 + (5 - (6 - 1)) + 3
-18
What is the value of -49 + 93 + -47 - -16?
13
Calculate -12 - (13 - (1 + -3) - (-12 - -18)).
-21
Calculate -165 + 151 + 6 + -3 + -1 + 4.
-8
What is the value of 38 + 41 + -47 + (2 - 2) - 7?
25
Calculate -17 - (-53 + 9 + (23 - 4)).
8
What is -37 - -37 - 7 - (-3 - 0)?
-4
14 - 16 - (1 - (11 - -2))
10
What is -9 + (-215 - -207) + 6 + -1 + 0?
-12
Evaluate 23 + (11 + -13 - ((-8 - 1) + 2)).
28
Calculate (30 - (52 - -6)) + -2.
-30
What is -9093 + 9117 + (0 + 1 + -1 - 1)?
23
What is (25 - -10) + -42 + -1 + -19?
-27
What is the value of 18 - (-7 + 9 - -7)?
9
What is the value of -79 - 47 - -112 - (3 + 0)?
-17
Evaluate 2 - (5 + 5 + (-12 - -5)).
-1
What is the value of -4 - (6 + 5 - 7) - 6?
-14
What is the value of -20 + -2 + 62 - 15?
25
Calculate (-3 - -3) + -2 + -26 + 32.
4
What is the value of -8 - ((-5 + -5 - -9) + 4)?
-11
(-9 - 25 - -30) + -6
-10
Evaluate (7 - 0 - 1 - (-2 + 3)) + 7.
12
-1 + -6 - (24 - 28 - -4)
-7
7 - (-5 + 0 - -5 - -1)
6
(-29 - (-31 + -30)) + -16
16
Calculate -13 + (2 + -4 - -5).
-10
-44 + (-10 - -75 - 24)
-3
-2 + (-1 - -30) - (17 + 8 + -26)
28
What is the value of 4 - 2 - (320 + -320)?
2
(-10 - -2 - -2) + 14 + (-2 - 13)
-7
-3 + (6 - (7 - (5 + -23)))
-22
(6 - 3) + -32 + (22 - 15)
-22
Calculate 4 + 5 + -3 + -7 + 17 + -32.
-16
Evaluate 2 + (12 - (26 + -13)).
1
Evaluate 7 + 0 - (8 - (-1 - 3 - -10)).
5
-3 - -2 - 17 - (8 + (-25 - -15))
-16
Calculate (-3 - 1) + -63 + 59 + -1 + 2.
-7
Calculate -5 - ((13 - 10) + -6).
-2
What is -47 + 55 - (-1 - 3 - (-1 + 0))?
11
Calculate (2 - (17 - 32)) + -15.
2
What is -10 + 9 + (-4 - (2 - 2) - -1)?
-4
What is (-7 - -27) + (2 - 9) + -8?
5
What is the value of 6 - (-5 - -7) - (6 - (-4 - -11))?
5
Evaluate 59 - 55 - (-3 - (-21 - (-4 + 3))).
-13
Calculate 4 - (13 + -10 + 10 + 17).
-26
Calculate (21 + 1 - (12 + -4)) + -10.
4
Calculate -49 + 10 - -5 - -19.
-15
What is -5 - (-5 - (-14 + 37))?
23
Evaluate (4 - 19) + 18 - (-16 + -1).
20
What is the value of (21 - (8 + 7)) + -11?
-5
Evaluate -37 + -2 - (-120 - -87).
-6
What is the value of 18 - ((67 - 86) + (11 - 2))?
28
(2 - (0 - -5)) + 8 + (-44 - -49)
10
Calculate 11 - 25 - (-27 - -15).
-2
What is -2 + (3 - (-1 - 1) - -3) + -11?
-5
Evaluate -3 + 19 + 3 + -38.
-19
1544 + -1541 - (0 - 17)
20
Evaluate 3 - ((-5 - 17) + 6).
19
What is the value of -15 - 0 - (99 - 101)?
-13
Calculate -1 - 1 - (-3 - (9 + 3 + -9)).
4
Evaluate (-2 - 11 - -4) + (1 - (-1 + 13)).
-20
-10 + 19 - (2 - 5)
12
12 - 14 - (-3 - -2 - 2) - -3